{"id":125,"date":"2026-01-18T07:29:02","date_gmt":"2026-01-18T07:29:02","guid":{"rendered":"https:\/\/mitundfuermenschen.sandamiano-at.com\/WordPress\/?page_id=125"},"modified":"2026-01-18T07:29:02","modified_gmt":"2026-01-18T07:29:02","slug":"unsere-buecherabos-ein-ideales-geschenk","status":"publish","type":"page","link":"https:\/\/mitundfuermenschen.sandamiano-at.com\/WordPress\/unsere-buecherabos-ein-ideales-geschenk\/","title":{"rendered":"Unsere B\u00fccherabos &#8211; Ein ideales Geschenk"},"content":{"rendered":"\n<p>Ihr k\u00f6nnt bei uns B\u00fccherabos erwerben. Diese gibt es f\u00fcr Kinder und Jugendliche und auch f\u00fcr Erwachsene. Ihr k\u00f6nnt euch zwischen einem halben Jahr und einem Jahr entscheiden, f\u00fcr eine Zustellung oder Abholung (monatlich oder beim Jahresabo auch zweimonatlich m\u00f6glich), ihr k\u00f6nnt aussuchen, welche Genres es sein sollen und ob ihr die B\u00fccher selbst aussucht oder wir. <\/p>\n\n\n\n<p>F\u00fcr n\u00e4here Infos fragt bei uns im Buchladen nach!<\/p>\n\n\n\n<p><\/p>\n","protected":false},"excerpt":{"rendered":"<p>Ihr k\u00f6nnt bei uns B\u00fccherabos erwerben. Diese gibt es f\u00fcr Kinder und Jugendliche und auch f\u00fcr Erwachsene. Ihr k\u00f6nnt euch zwischen einem halben Jahr und einem Jahr entscheiden, f\u00fcr eine Zustellung oder Abholung (monatlich oder beim Jahresabo auch zweimonatlich m\u00f6glich), ihr k\u00f6nnt aussuchen, welche Genres es sein sollen und ob ihr die B\u00fccher selbst aussucht [&hellip;]<\/p>\n","protected":false},"author":1,"featured_media":0,"parent":0,"menu_order":0,"comment_status":"closed","ping_status":"closed","template":"","meta":{"footnotes":""},"class_list":["post-125","page","type-page","status-publish","hentry"],"_links":{"self":[{"href":"https:\/\/mitundfuermenschen.sandamiano-at.com\/WordPress\/wp-json\/wp\/v2\/pages\/125","targetHints":{"allow":["GET"]}}],"collection":[{"href":"https:\/\/mitundfuermenschen.sandamiano-at.com\/WordPress\/wp-json\/wp\/v2\/pages"}],"about":[{"href":"https:\/\/mitundfuermenschen.sandamiano-at.com\/WordPress\/wp-json\/wp\/v2\/types\/page"}],"author":[{"embeddable":true,"href":"https:\/\/mitundfuermenschen.sandamiano-at.com\/WordPress\/wp-json\/wp\/v2\/users\/1"}],"replies":[{"embeddable":true,"href":"https:\/\/mitundfuermenschen.sandamiano-at.com\/WordPress\/wp-json\/wp\/v2\/comments?post=125"}],"version-history":[{"count":3,"href":"https:\/\/mitundfuermenschen.sandamiano-at.com\/WordPress\/wp-json\/wp\/v2\/pages\/125\/revisions"}],"predecessor-version":[{"id":128,"href":"https:\/\/mitundfuermenschen.sandamiano-at.com\/WordPress\/wp-json\/wp\/v2\/pages\/125\/revisions\/128"}],"wp:attachment":[{"href":"https:\/\/mitundfuermenschen.sandamiano-at.com\/WordPress\/wp-json\/wp\/v2\/media?parent=125"}],"curies":[{"name":"wp","href":"https:\/\/api.w.org\/{rel}","templated":true}]}}